 be the third derivative of 0 - 1/60*r**5 - 3*r**2 + 0*r + 1/3*r**3 + 1/8*r**4. Calculate j(5).
-8
Let r(h) = -h**2 - 4*h + 1. Let t(a) = a**2 - 2*a - 7. Let d be t(3). Give r(d).
1
Let u(r) = 4. Let i(q) = 5. Let j(g) = -5*i(g) + 6*u(g). Let y(v) = v**2 - 2*v + 1. Let o(t) = -4*j(t) - y(t). Determine o(4).
-5
Let o(v) = 2 + 0 + 0 - 2*v - v. Determine o(2).
-4
Let u(m) be the second derivative of m**3/3 + m**2 + 7*m. Determine u(-3).
-4
Let r(g) be the first derivative of g**3/6 - 3*g - 2. Let f(n) be the first derivative of r(n). Give f(3).
3
Let g(k) = 2*k - 2 + 0*k - 3*k - 3*k. Determine g(-4).
14
Let m = 21 - 19. Let s(o) = -6*o**m + 4*o**2 - 6*o**2 - 2*o**2 + 1. Determine s(1).
-9
Let r(d) = 6*d - 14*d + 6*d + 5*d. Calculate r(-4).
-12
Let s(g) = -90*g**3 - 2 + 89*g**3 - 4*g**2 + 1. Determine s(-4).
-1
Suppose 2*o + 6 = -4, 35 = -5*v - 3*o. Let d(i) = -i**2 - i. Give d(v).
-12
Let w(m) = -m**3 + 5*m**2 + 7*m - 1. Let z be w(6). Suppose -5*t - 15 = -0*v - z*v, -v = 4*t - 8. Let g(b) = 9*b**3 - b + 1. Determine g(t).
9
Let k be (12/22)/(10/110). Let d(r) = -r + 8. Give d(k).
2
Let h be (0 + -1)/(2/(-24)*2). Let q(t) be the third derivative of -1/120*t**h - 1/2*t**3 + 0 + 1/30*t**5 + 1/8*t**4 + 3*t**2 + 0*t. Give q(2).
3
Let x(d) = -d**2 - 6*d - 6. Let n be 1*(-3)/9 + (-70)/15. What is x(n)?
-1
Let z(g) = -2*g + 4. Let i = 139 - 146. Give z(i).
18
Let t(h) = h**3 - h + 3. Suppose -k + 15 = -1. Suppose 2*r = -3*x + k - 6, x + 5*r = 25. Let i be t(x). Let w(a) = -a + 4. Give w(i).
1
Let x(i) = -3*i + 4. Let v(s) = -8*s + 12. Let q(u) = 2*v(u) - 7*x(u). Let h(f) = f**3 - 4*f**2 + 4*f + 1. Let y be h(3). Give q(y).
16
Suppose 3*b + 6 + 27 = d, 0 = -5*b - 5*d - 35. Suppose 1 = r + 6. Let q = r - b. Let a(s) = s**2 - 6*s + 1. Give a(q).
-4
Let p(n) = n**3 - 3*n**2 - 2*n - 2. Let r be 2/(-7) - (-23)/7. Give p(r).
-8
Let x be (-26)/(-7) - 24/(-84). Let g(t) = -t + 2. Calculate g(x).
-2
Let c(v) = v**2. Suppose 3 = 5*i + 2*r - 5*r, -3*r - 3 = -4*i. Calculate c(i).
0
Let r(g) = -20*g + 1. Let a(w) = 7*w. Let m(l) = 8*a(l) + 3*r(l). Let y(d) = 2*d**2 - 4*d + 3. Let q be y(2). Give m(q).
-9
Let a = -43 + 40. Let v(k) = k**3 + k**2 - 4*k. Determine v(a).
-6
Suppose -4*v + 121 = x, -2*v + x = -0*v - 65. Let m = -29 + v. Let j(b) = -b**2 + 3*b - 2*b - 2*b. What is j(m)?
-6
Let r(q) be the third derivative of -q**4/24 - q**3/6 + 11*q**2. Determine r(-2).
1
Let p = -48 - -53. Let v(x) = x - 5 + 0*x + 3. Calculate v(p).
3
Let o(c) = c**3 - 2*c - 5*c - 6 - 4*c**2 + 4*c. Let t = 2 + 3. What is o(t)?
4
Let k(g) = 4*g**3. Suppose 0 = -4*a - 25 + 97. Suppose 3*z + 3*j = -12, 4*j = -2*z - 0*j - a. Give k(z).
4
Let w(q) be the third derivative of 0 + 1/2*q**3 + 0*q + 3*q**2 - 1/12*q**4 - 1/360*q**6 + 1/40*q**5. Let x(p) be the first derivative of w(p). Calculate x(4).
-6
Let o(r) = 2*r**2 - 3*r + 2. Let g be o(2). Suppose -u + 0 = -g. Let t(y) be the first derivative of y**3/3 - y**2 + 3*y + 2. What is t(u)?
11
Let z = 5 - 1. Let w(i) = i**3 - 4*i**2 - 9*i - 12. Let a(v) = v**3 - 4*v**2 - 8*v - 11. Let p(c) = -7*a(c) + 6*w(c). Calculate p(z).
13
Let l(a) = -2*a + 1. Let d be -2 - 12/3 - 0. Let k be 22/6 + d/9. Give l(k).
-5
Let b(r) be the second derivative of -r**3/6 + 2*r. Let c(q) = -q**3 + 2*q**3 - 5*q**2 + 0*q**2. Let t be c(5). What is b(t)?
0
Let p = -5 - -8. Let n be -6 + 0 + 0/p. Let m(y) = -y - 3. Give m(n).
3
Let a(y) = 2*y**2 - 1. Let k be (-2)/9 - (-20)/9. Let n(p) = p**2 - p - 1. Let g be n(k). What is a(g)?
1
Let r(b) = -2*b**3 + 4*b**2 + 5*b - 1. Let t(j) = 3*j**3 - 3*j**2 - 5*j. Let h(z) = -4*r(z) - 3*t(z). What is h(-5)?
-21
Let u be 1/(1 + 2 + 35/(-10)). Let z(t) = 16*t**3 + 4*t**2 + 4*t - 1. Let x(a) = -3*a**3 - a**2 - a. Let i(v) = 11*x(v) + 2*z(v). Determine i(u).
0
Let y = 18 + -12. Let a(z) = 5*z - y*z - 4*z - 7*z. Give a(1).
-12
Let g(l) = -15*l**3 + 1. Let k be 12/(-9) - (21/(-9))/7. Calculate g(k).
16
Let u(v) = -v**3 + 3*v + 2. Let t be u(-2). Let y(b) = -t*b - b**2 + b + 3*b - 2. Let p(m) = m - 3. Let z be p(3). Determine y(z).
-2
Let y = -46 - -51. Let k(h) be the first derivative of h**4/4 - 2*h**3 + 2*h**2 - h + 1. Determine k(y).
-6
Let q(w) = w**3 - 3*w**2 - w + 5. Let g be q(5). Suppose 15 = -o - 4*t, 5*o - 2*t - g = 3*t. Let c(u) = -4*u + 0 + 0*u + 3*u**2 - 2*u**2 - 4. Give c(o).
1
Suppose 0 = -8*k - 25 + 1. Let o(b) = -b**3 - 4*b**2 - 1. Determine o(k).
-10
Let k(y) be the first derivative of -y**4/4 + 5*y**3/3 + 5*y**2/2 - y - 13. What is k(6)?
-7
Let m(z) = 2*z - z - 2*z + 3*z + 4. Let c(r) be the second derivative of r**3/6 - 11*r**2/2 + 2*r. Let s be c(6). Determine m(s).
-6
Let j be 1/2 + 15/(-6). Let h be ((-2)/(-4))/((-2)/(-8)). Let m(x) = 3*x + 0*x - 2*x**2 - 6*x - h. Determine m(j).
-4
Let q(r) = 3*r + 1. Suppose 2*w = 2*m - 6, 4*m + w - 15 - 2 = 0. Suppose -i - 12 = -5*y + 4, 0 = -i + m*y - 13. Calculate q(i).
-2
Let f(b) be the first derivative of b**4/4 + 2*b**3 + b**2/2 + 2*b - 2. Let s be -1 - (2 + -2) - 5. Calculate f(s).
-4
Let m = 7 - 5. Suppose 3*a = -q + 9, m*q + 4*a - 2 - 10 = 0. Let g(j) = 4*j + 6. Let f(v) = -3*v - 5. Let y(c) = 3*f(c) + 2*g(c). Give y(q).
-3
Suppose 2*t - 2 - 4 = 0. Let h = t - 4. Let a(f) = f**3 - f**2 - 2*f. Let s(d) = d**3 + d**2 + d. Let g(m) = a(m) + 3*s(m). Determine g(h).
-3
Let x(z) = z + 1 - 4*z + 3 + 2*z. Give x(6).
-2
Let j = 16 - 6. Suppose 0*t = 2*t - j. Let i(p) = -p**3 + 5*p**2 + p - 7. What is i(t)?
-2
Let d(x) = -x + 12. Let n be d(6). Let a(i) = -i + 3. Calculate a(n).
-3
Let p(v) = v**2 + 5*v + 7. Let c be p(-6). Let a(f) = -1 - f**2 + 4*f - 4*f + c - f. Give a(0).
12
Let b(t) be the second derivative of -1/2*t**3 + 5/2*t**2 - 5*t + 0. What is b(4)?
-7
Let t(i) = 7*i - 2 + 7 + i**2 - 3*i. Calculate t(-5).
10
Let q(z) = z - 2. Let p(h) = -4*h - 12. Let u be p(-3). What is q(u)?
-2
Let a(b) be the first derivative of b**2/2 + 3*b + 9. Give a(-3).
0
Let u = 62 + -61. Let l(x) = 11*x**3 - 2*x**2 + 1. Give l(u).
10
Let d(l) = -2*l - 3. Let u(f) = -4*f - 10. Let t be u(-7). Suppose -4*p - 6 + t = 0. Suppose 0 = 3*h + 6, 0 = 6*g - p*g - 2*h + 11. Calculate d(g).
7
Let q(n) = 3*n - 5. Let z(y) = 4*y - 6. Let o(d) = 5*q(d) - 4*z(d). Let s be o(-2). Let v(r) = 3*r**3 + 2*r**2 - 2*r + 1. Give v(s).
4
Let k(o) = o**2 - 7 + 1 + 6 + 2*o - 4. Let y = 4 - 1. Suppose -4*n + y*n = -3. What is k(n)?
11
Let w(x) = -x**2 - 6*x + 9. Let s be w(-7). Let y(h) = 4 + s*h**2 - h**2 + 0*h**2 - 6*h. Let k = 4 + 1. Calculate y(k).
-1
Let s(i) = i + 8. Suppose 0*b - 5*b - 10 = 0. Let n be -2 - (-2 - b - -4). Let q be (-2 + 2)*3/n. What is s(q)?
8
Let a(u) = u**2 + 4*u + 1. Suppose -d + 6*d - 30 = 0. Suppose 3 + d = -3*h. Determine a(h).
-2
Let l(b) = -b**3 + b**2 + 3. Let g(y) = -y + 9. Let w be g(11). Let n be w*((-14)/4 - -2). Suppose q - j + 3 = 0, 4*j = -4*q + n*j + 3. What is l(q)?
3
Let n(v) be the second derivative of 0 + 3/4*v**4 + 1/3*v**3 + 1/2*v**2 + v. Suppose 5*t + 4 = -4*q, -2 = 2*q + t - 0. Determine n(q).
8
Let d be (-1)/(-3) + (-20)/(-12). Let t = d + -4. Let o(v) be the first derivative of -3*v**2/2 - v - 2. Calculate o(t).
5
Suppose -2 = -2*o - 0*a + 3*a, -5*o + 4*a + 5 = 0. Let v(r) = -11*r**2 - 5*r - 7. Let z(p) = 5*p**2 + 3*p + 4. Let u(j) = 3*v(j) + 5*z(j). Give u(o).
-9
Let o(v) = -v + 1. Suppose -23*t + 77 = -38. Give o(t).
-4
Let a(d) = 9*d - 1. Let w(y) = -y - 11. Let l be w(-9). Let h be (-9)/(-2*(-1)/l). Suppose x + h = -2*x, -3 = 3*k + 2*x. Determine a(k).
8
Let x(t) be the first derivative of -1 - 1/30*t**5 - 1/8*t**4 - 1/180*t**6 + 0*t + 4/3*t**3 + 0*t**2. Let g(u) be the third derivative of x(u). Give g(-3).
-9
Let o(b) = 0*b - 6 + 1 - 2 + 2*b. Calculate o(-7).
-21
Let i(f) = f**3 + 3*f**2 + 4*f - 1. Let y = 18 + -21. Calculate i(y).
-13
Let d(m) = 4 - 3 + 125*m - 116*m. Calculate d(-1).
-8
Let w(k) = -45 + 16 + 17 + 15 + k**3 + 2*k**2 + 4*k. What is w(-2)?
-5
Suppose -6 + 0 = 2*g. Let k(t) = -t. Let n(z) = -3*z. Let i(l) = g*k(l) - n(l). Calculate i(-1).
-6
Let b(t) = 3*t**2 + 2*t + 2. Let u(q) = -q**2 - 1. Let x(a) = b(a) + 5*u(a). Suppose 5*y - 6 = 3*f, -5*y + 30 = 5*f - 0*f. Determine x(y).
-15
Let t(a) be the third derivative of -a**5/30 + a**4/3 + a**3/3 + 3*a**2. Let o(z) = -3*z**2 + 15*z + 4. Let l(y) = 3*o(y) - 5*t(y). Give l(-5).
2
Let x(f) = -5*f**3 + 12